5).
-4
Let r(y) = -y**3 - 4*y**2 + 2. Give r(-4).
2
Let t(y) = -2*y - 18. Calculate t(-10).
2
Let y(u) = u**3 - 13*u**2 - 14*u - 17. Give y(14).
-17
Let i(d) = 2*d**2 - 27*d + 2. Calculate i(13).
-11
Let k(w) = w**2 + 51*w + 412. Give k(-41).
2
Let u(a) = -12*a**2 + 2*a + 1. What is u(-1)?
-13
Let g(x) = 34*x**2 + x - 2. What is g(1)?
33
Let z(i) = i**2 + 2*i - 15. Determine z(0).
-15
Let n(y) = -y**2 + 7*y. Give n(5).
10
Let x(z) = -3*z + 14. Give x(1).
11
Let m(o) = -2*o**2 + 11*o + 7. Calculate m(6).
1
Let g(c) = c**2 + 5*c + 6. Give g(-3).
0
Let a(j) = -3*j + 13. What is a(6)?
-5
Let s(f) = -32*f + 98. Give s(3).
2
Let u(i) = -i**3 - 6*i**2 - 3*i + 1. Give u(-6).
19
Let q(s) = -31*s + 4. What is q(2)?
-58
Let q(g) = -2*g - 100. What is q(-23)?
-54
Let o(p) = 8*p - 2. Calculate o(2).
14
Let d(u) = -u**3 + 10*u**2 - 11*u - 4. Determine d(8).
36
Let g(f) = 28*f - 8. What is g(3)?
76
Let b(k) = k - 14. Give b(5).
-9
Let r(d) = -5*d**2 + 6*d + 2. What is r(3)?
-25
Let g(r) = -5*r. Give g(-6).
30
Let u(o) = -2*o**2 - 18*o - 3. Give u(-9).
-3
Let h(v) = -v**3 - 32*v**2 + 14. Calculate h(-32).
14
Let j(k) = -k**3 - 8*k**2 - 15*k - 7. Determine j(-6).
11
Let j(t) = -2*t**3 - 23*t**2 + 2*t - 112. What is j(-12)?
8
Let r(h) = 22*h - 156. Calculate r(7).
-2
Let q(g) = -2*g**3 - 10*g**2 + 2*g + 5. What is q(-5)?
-5
Let x(a) = -a**3 - 5*a**2 - 2*a. Calculate x(-6).
48
Let u(m) = -14*m**2 + 6*m + 8. What is u(-3)?
-136
Let b(k) = -k**3 - k - 1. Determine b(0).
-1
Let z(v) = -v + 21. Calculate z(6).
15
Let k(j) = -31*j**2 + 6*j - 1. Determine k(2).
-113
Let j(m) = m**2 - 20*m + 8. Determine j(8).
-88
Let a(b) = 25*b**2 - b + 1. Calculate a(1).
25
Let c(u) = -u**3 - 14*u**2 - 13*u - 5. Determine c(-13).
-5
Let f(h) = -18*h**3 + h + 1. Calculate f(-1).
18
Let z(y) = 10*y + 43. Determine z(-5).
-7
Let n(j) = j**2 - 63*j + 178. Calculate n(3).
-2
Let k(p) = p - 9. What is k(9)?
0
Let t(a) = -a + 44. Give t(-11).
55
Let j(h) = -h**3 - 3*h**2 + 2*h + 2. Give j(-3).
-4
Let p(t) = -t + 1. What is p(2)?
-1
Let q(u) = u**2 + 6*u - 36. Determine q(-11).
19
Let s(i) = -3*i - 48. What is s(13)?
-87
Let d(r) = -r - 12. What is d(-9)?
-3
Let c(t) = t**3 + 9*t**2 + t + 13. Give c(-9).
4
Let m(v) = -32*v - 289. Determine m(-9).
-1
Let m(g) = -g**2 - 25*g - 101. Give m(-5).
-1
Let z(o) = 4*o - 37. What is z(6)?
-13
Let y(o) = 15*o**2 - 3. What is y(-3)?
132
Let s(a) = -a**2 - 4*a + 29. Determine s(-7).
8
Let s(m) = 45*m - 1486. Give s(33).
-1
Let a(h) = -h**2 + 9*h - 4. Give a(8).
4
Let i(x) = 2*x - 125. Determine i(-8).
-141
Let c(l) = -l**3 + 9*l**2 - 17*l - 12. What is c(7)?
-33
Let j(b) = -2*b**2 - 14*b - 9. Give j(-6).
3
Let b(d) = -18*d + 341. Calculate b(19).
-1
Let f(y) = 14*y - 231. Calculate f(16).
-7
Let n(i) = i**2 + 24*i + 93. Calculate n(-12).
-51
Let y(a) = 2*a**3 + a**2 + 4*a - 8. Give y(2).
20
Let u(p) = -p**3 - 13*p**2 - 13*p - 7. Calculate u(-12).
5
Let t(f) = f**3 - 3*f**2 - 6*f - 3. What is t(5)?
17
Let g(k) = -k**3 + 9*k**2 + 10*k + 5. Give g(10).
5
Let w(d) = d**2 - 3. Give w(-2).
1
Let i(j) = -3*j**2 - 4*j - 14. What is i(-4)?
-46
Let u(z) = z**3 + 40*z**2 - z - 41. Give u(-40).
-1
Let u(f) = -f**2 - 3*f + 6. Determine u(0).
6
Let z(p) = -p**3 - 7*p**2 - 3*p - 10. What is z(-7)?
11
Let k(m) = -m**2 + 14*m + 41. Give k(17).
-10
Let i(t) = -4*t - 75. Determine i(-21).
9
Let h(s) = -s**2 - 17*s - 62. Calculate h(-6).
4
Let z(a) = -a**3 + 10*a**2. Determine z(10).
0
Let k(f) = -6*f**2 + f + 6. Give k(0).
6
Let s(c) = -c + 2. Calculate s(5).
-3
Let m(l) = -l**2 - 15*l + 31. What is m(-17)?
-3
Let t(k) = -2*k**2 - 7*k + 2. Determine t(-3).
5
Let z(j) = -j**3 + 4*j**2 - 9*j + 3. What is z(5)?
-67
Let b(l) = -2*l. Give b(6).
-12
Let h(a) = 16*a - 14. Determine h(3).
34
Let f(l) = 3*l + 78. What is f(-18)?
24
Let w(p) = p**3 + 7*p**2 + 2*p - 12. Calculate w(-6).
12
Let k(a) = 3*a + 11. Calculate k(6).
29
Let h(k) = -k**2 - 5*k + 14. What is h(-7)?
0
Let p(t) = t + 4. Determine p(-11).
-7
Let u(r) = 19*r + 190. Determine u(-10).
0
Let p(s) = s**2 - 18*s + 13. What is p(13)?
-52
Let t(w) = -w**2 - w + 3. Determine t(-5).
-17
Let s(a) = -2*a**2 - 6*a - 9. Give s(-3).
-9
Let m(c) = 2*c**2 + 27*c + 37. Determine m(-12).
1
Let m(q) = -4*q + 10. What is m(4)?
-6
Let b(y) = 4*y - 1. Determine b(-2).
-9
Let p(i) = 2*i**3 - 14*i**2 - i + 2. Give p(7).
-5
Let k(n) = -22*n - 444. Calculate k(-21).
18
Let u(g) = -g**2 - 12*g + 3. Determine u(-10).
23
Let o(v) = 2*v**3 + 15*v**2 - 7*v + 7. Calculate o(-8).
-1
Let a(c) = c**2 + 3*c + 3. Give a(-4).
7
Let z(g) = -21*g. Determine z(1).
-21
Let u(w) = -6*w - 32. What is u(-5)?
-2
Let k(g) = g**3 + 14*g**2 - 17*g - 39. Determine k(-15).
-9
Let q(v) = -v**2 + 5*v - 4. Give q(8).
-28
Let b(d) = -2*d - 1. What is b(-4)?
7
Let s(t) = -32*t**2 - 134*t - 6. What is s(-4)?
18
Let t(q) = q**3 + 13*q**2 + 33*q - 2. Give t(-7).
61
Let t(d) = d**3 - 5*d**2 + d - 2. What is t(5)?
3
Let v(i) = i**3 + 3*i**2 - 3*i + 2. Calculate v(2).
16
Let j(w) = w + 7. Give j(-15).
-8
Let j(g) = g**3 + 2*g**2 - 4*g - 3. What is j(-3)?
0
Let f(m) = -7*m + 51. Determine f(10).
-19
Let t(p) = -5*p + 169. Determine t(35).
-6
Let r(t) = -t**3 - 6*t**2 - 5*t - 3. What is r(-6)?
27
Let l(v) = -13*v**2 + 3*v - 3. What is l(1)?
-13
Let z(n) = n**2 + 5*n - 7. Calculate z(-7).
7
Let n(k) = -11*k + 3. Determine n(5).
-52
Let m(f) = -f**3 - 12*f**2 - 14*f - 3. Determine m(-11).
30
Let b(q) = 23*q**3 + q**2. Give b(1).
24
Let t(r) = -6*r**2 - 2*r - 2. Give t(-2).
-22
Let b(l) = -l**3 - 15*l**2 + l + 19. Determine b(-15).
4
Let y(u) = -2*u + 21. Determine y(4).
13
Let w(t) = 3*t + 8. Give w(-4).
-4
Let s(w) = 2*w**2 + 38*w - 88. Determine s(-21).
-4
Let f(o) = -2*o - 4. Calculate f(-4).
4
Let u(q) = -17*q + 168. What is u(10)?
-2
Let u(k) = -4*k**3 - 26*k**2 - 10*k + 7. Calculate u(-6).
-5
Let c(i) = i**3 - 22*i**2 + 38*i + 49. Give c(20).
9
Let a(f) = -16*f - 50. Calculate a(-3).
-2
Let g(y) = -5*y**2 + 2*y + 9. Give g(4).
-63
Let c(t) = -6*t**2 + 66*t + 1. What is c(11)?
1
Let f(m) = m**3 + 9*m**2 + 22*m - 1. Give f(-8).
-113
Let s(j) = 2*j**2 - 39*j + 9. Give s(21).
72
Let z(i) = 2*i**2 + 4*i + 8. Determine z(-4).
24
Let k(r) = -r**3 - 6*r**2 + 8*r + 12. What is k(-6)?
-36
Let f(n) = n**2 - 3*n + 1. What is f(2)?
-1
Let u(k) = -6*k - 9. Determine u(-5).
21
Let s(x) = -8*x**2 + 3*x + 9. What is s(-3)?
-72
Let a(q) = -q**2 - 14*q - 6. Determine a(-10).
34
Let o(t) = -t + 46. Give o(16).
30
Let d(v) = -v**3 + 2*v**2 + 20. Determine d(0).
20
Let w(f) = -f**2 - 20*f + 196. Calculate w(7).
7
Let h(n) = n + 119. Calculate h(-38).
81
Let d(s) = 7*s + 8. What is d(-1)?
1
Let s(p) = -2*p**3 + 7*p**2 + 2*p - 3. Give s(4).
-11
Let g(v) = 6*v**2 + v - 7. Determine g(3).
50
Let d(x) = -x**3 + 9*x**2 - 8*x - 7. Determine d(8).
-7
Let q(c) = -4*c - 13. Determine q(-8).
19
Let o(j) = j - 13. What is o(-9)?
-22
Let g(w) = w**3 - 6*w**2 - 7*w + 6. Give g(6).
-36
Let v(n) = -n. Determine v(15).
-15
Let o(n) = -2*n + 21. Calculate o(10).
1
Let b(f) = 37*f - 1. Give b(1).
36
Let x(y) = y - 13. Calculate x(3).
-10
Let u(v) = 6*v - 60. What is u(9)?
-6
Let i(t) = 2*t**3 + 32*t**2 - t - 6. What is i(-16)?
10
Let j(w) = w**3 + 20*w**2 + 83*w - 12. What is j(-14)?
2
Let h(u) = u**3 - 2*u**2 - u - 33. What is h(0)?
-33
Let m(j) = -76*j - 1. Determine m(1).
-77
Let r(l) = -21*l**3 - 2*l**2 + 2*l - 1. What is r(1)?
-22
Let z(y) = 5*y - 109. Give z(16).
-29
Let g(r) = 2*r**3 - 7*r**2 - 8*r + 12. What is g(4)?
-4
Let i(t) = -6*t + 22. What is i(4)?
-2
Let j(t) = -t**3 - 5*t**2 + 5*t + 21. Give j(-5).
-4
Let u(g) = -4*g**2 - 13*g + 5. Determine u(-5).
-30
Let b(i) = -4*i**2 + 6*i - 8. Calculate b(3).
-26
Let u(f) = 2*f**3 - f**2 - 14*f + 20. Calculate u(2).
4
Let u(m) = -m**2 - 20*m - 54. Determine u(-16).
10
Let u(q) = -6*q + 13. What is u(4)?
-11
Let o(p) = -p**3 + 4*p + 24. What is o(6)?
-168
Let h(y) = y**3 - 13*y**2 - 4*y - 11. What is h(13)?
-63
Let j(d) = 32*d**2 - d. What is j(1)?
31
Let o(i) = -i**2 - 2*i - 5. What is o(-2)?
-5
Let p(f) = 4*f + 106. Give p(-25).
6
Let v(u) = 4*u - 10. Calculate v(3).
2
Let o(z) = -16*z + 77. Calculate o(4).
13
Let w(d) = -6*d - 45. Determine w(8).
-93
Let p(o) = 3*o**2 - 16*o + 6. Determine p(4).
-10
Let v(m) = 2*m**2 + 7*m + 41. What is v(-6)?
71
Let